{"id":1426,"date":"2016-12-19T12:42:25","date_gmt":"2016-12-19T10:42:25","guid":{"rendered":"http:\/\/127.0.0.1:4001\/wordpress\/our-company-copy-2-copy-copy-copy\/"},"modified":"2019-02-13T14:02:21","modified_gmt":"2019-02-13T12:02:21","slug":"la-provence-et-le-sud","status":"publish","type":"page","link":"http:\/\/nouveau.baronnat.fr\/?page_id=1426","title":{"rendered":"La provence et le sud"},"content":{"rendered":"\t\t<div data-elementor-type=\"wp-post\" data-elementor-id=\"1426\" class=\"elementor elementor-1426 elementor-bc-flex-widget\" data-elementor-settings=\"[]\">\n\t\t\t\t\t\t<div class=\"elementor-inner\">\n\t\t\t\t\t\t\t<div class=\"elementor-section-wrap\">\n\t\t\t\t\t\t\t<section class=\"elementor-section elementor-top-section elementor-element elementor-element-11b47c45 elementor-section-boxed elementor-section-height-default elementor-section-height-default\" data-id=\"11b47c45\" data-element_type=\"section\">\n\t\t\t\t\t\t<div class=\"elementor-container elementor-column-gap-default\">\n\t\t\t\t\t\t\t<div class=\"elementor-row\">\n\t\t\t\t\t<div class=\"elementor-column elementor-col-100 elementor-top-column elementor-element elementor-element-6810f3f2\" data-id=\"6810f3f2\" data-element_type=\"column\">\n\t\t\t<div class=\"elementor-column-wrap elementor-element-populated\">\n\t\t\t\t\t\t\t<div class=\"elementor-widget-wrap\">\n\t\t\t\t\t\t<div class=\"elementor-element elementor-element-55dda9ce elementor-widget elementor-widget-text-editor\" data-id=\"55dda9ce\" data-element_type=\"widget\" data-widget_type=\"text-editor.default\">\n\t\t\t\t<div class=\"elementor-widget-container\">\n\t\t\t\t\t\t\t\t<div class=\"elementor-text-editor elementor-clearfix\">\n\t\t\t\t<h2>Les vins du littoral m\u00e9diterrann\u00e9en &#8211; I.G.P. &#8211;<img loading=\"lazy\" class=\"alignright wp-image-2160 \" src=\"http:\/\/nouveau.baronnat.fr\/wp-content\/uploads\/2019\/02\/rhone_oc_provence.jpg\" alt=\"\" width=\"470\" height=\"319\" srcset=\"http:\/\/nouveau.baronnat.fr\/wp-content\/uploads\/2019\/02\/rhone_oc_provence.jpg 867w, http:\/\/nouveau.baronnat.fr\/wp-content\/uploads\/2019\/02\/rhone_oc_provence-300x204.jpg 300w, http:\/\/nouveau.baronnat.fr\/wp-content\/uploads\/2019\/02\/rhone_oc_provence-768x522.jpg 768w\" sizes=\"(max-width: 470px) 100vw, 470px\" \/><\/h2><h2><span style=\"color: #ffffff;\">Le pays d&rsquo;Oc<\/span><\/h2><h5><a href=\"http:\/\/nouveau.baronnat.fr\/?page_id=335&amp;lang=fr\" target=\"_blank\" rel=\"noopener\">Les Or\u00e9ades <\/a><a href=\"http:\/\/nouveau.baronnat.fr\/?page_id=335&amp;lang=fr\" target=\"_blank\" rel=\"noopener\"> blanc\u00a0<\/a><br \/><a href=\"http:\/\/nouveau.baronnat.fr\/?page_id=329&amp;lang=fr\" target=\"_blank\" rel=\"noopener\">Les Or\u00e9ades rouge<\/a><br \/><a href=\"http:\/\/nouveau.baronnat.fr\/?page_id=331&amp;lang=fr\" target=\"_blank\" rel=\"noopener\">Les Or\u00e9ades ros\u00e9,<\/a><a href=\"http:\/\/nouveau.baronnat.fr\/?page_id=329&amp;lang=fr\" target=\"_blank\" rel=\"noopener\"><br \/><\/a><a href=\"http:\/\/nouveau.baronnat.fr\/?page_id=1438\">Syrah<\/a><a href=\"http:\/\/nouveau.baronnat.fr\/?page_id=329&amp;lang=fr\" target=\"_blank\" rel=\"noopener\">,<br \/><\/a><a href=\"http:\/\/nouveau.baronnat.fr\/?page_id=1181&amp;lang=fr\">chardonnay<\/a><a href=\"http:\/\/nouveau.baronnat.fr\/?page_id=329&amp;lang=fr\" target=\"_blank\" rel=\"noopener\"><br \/><\/a><a href=\"http:\/\/nouveau.baronnat.fr\/?page_id=392&amp;lang=fr\" target=\"_blank\" rel=\"noopener\">Sauvignon<\/a><a href=\"http:\/\/nouveau.baronnat.fr\/?page_id=329&amp;lang=fr\" target=\"_blank\" rel=\"noopener\">,<br \/><\/a><a href=\"http:\/\/nouveau.baronnat.fr\/?page_id=1311&amp;lang=fr\">Viognier<\/a><a href=\"http:\/\/nouveau.baronnat.fr\/?page_id=329&amp;lang=fr\" target=\"_blank\" rel=\"noopener\">.<\/a><\/h5><h2>\u00a0Plus au sud&#8230;<\/h2><p><a href=\"http:\/\/nouveau.baronnat.fr\/?page_id=2164\">\u00a0\u00bb Terre d&rsquo;Anais \u00a0\u00bb M\u00e9diterrann\u00e9e ros\u00e9<\/a><\/p><h5><a href=\"http:\/\/nouveau.baronnat.fr\/?page_id=439&amp;lang=fr\" target=\"_blank\" rel=\"noopener\">Cotes de Provence \u201d Terre d\u2019Anais \u201c<\/a><br \/><a href=\"http:\/\/nouveau.baronnat.fr\/?page_id=382&amp;lang=fr\" target=\"_blank\" rel=\"noopener\">Coteaux d\u2019Aix en Provence \u201d Terre d\u2019Anais \u201c<\/a><\/h5><h2>Notre m\u00e9thode traditionnelle\u00a0<a href=\"http:\/\/nouveau.baronnat.fr\/?page_id=423&amp;lang=fr\" target=\"_blank\" rel=\"noopener\"> Baron de Baronnat<\/a><\/h2><h3 style=\"text-align: center;\">\u00a0<\/h3>\t\t\t\t\t<\/div>\n\t\t\t\t\t\t<\/div>\n\t\t\t\t<\/div>\n\t\t\t\t\t\t<\/div>\n\t\t\t\t\t<\/div>\n\t\t<\/div>\n\t\t\t\t\t\t\t\t<\/div>\n\t\t\t\t\t<\/div>\n\t\t<\/section>\n\t\t\t\t\t\t<\/div>\n\t\t\t\t\t\t<\/div>\n\t\t\t\t\t<\/div>\n\t\t","protected":false},"excerpt":{"rendered":"<p>Les vins du littoral m\u00e9diterrann\u00e9en &#8211; I.G.P. &#8211; Le pays d&rsquo;Oc Les Or\u00e9ades blanc\u00a0Les Or\u00e9ades rougeLes Or\u00e9ades ros\u00e9,Syrah,chardonnaySauvignon,Viognier. \u00a0Plus au sud&#8230; \u00a0\u00bb Terre d&rsquo;Anais \u00a0\u00bb M\u00e9diterrann\u00e9e ros\u00e9 Cotes de Provence \u201d Terre d\u2019Anais \u201cCoteaux d\u2019Aix en Provence \u201d Terre d\u2019Anais \u201c Notre m\u00e9thode traditionnelle\u00a0 Baron de Baronnat \u00a0<\/p>\n","protected":false},"author":1,"featured_media":0,"parent":0,"menu_order":0,"comment_status":"closed","ping_status":"closed","template":"","meta":[],"_links":{"self":[{"href":"http:\/\/nouveau.baronnat.fr\/index.php?rest_route=\/wp\/v2\/pages\/1426"}],"collection":[{"href":"http:\/\/nouveau.baronnat.fr\/index.php?rest_route=\/wp\/v2\/pages"}],"about":[{"href":"http:\/\/nouveau.baronnat.fr\/index.php?rest_route=\/wp\/v2\/types\/page"}],"author":[{"embeddable":true,"href":"http:\/\/nouveau.baronnat.fr\/index.php?rest_route=\/wp\/v2\/users\/1"}],"replies":[{"embeddable":true,"href":"http:\/\/nouveau.baronnat.fr\/index.php?rest_route=%2Fwp%2Fv2%2Fcomments&post=1426"}],"version-history":[{"count":8,"href":"http:\/\/nouveau.baronnat.fr\/index.php?rest_route=\/wp\/v2\/pages\/1426\/revisions"}],"predecessor-version":[{"id":2176,"href":"http:\/\/nouveau.baronnat.fr\/index.php?rest_route=\/wp\/v2\/pages\/1426\/revisions\/2176"}],"wp:attachment":[{"href":"http:\/\/nouveau.baronnat.fr\/index.php?rest_route=%2Fwp%2Fv2%2Fmedia&parent=1426"}],"curies":[{"name":"wp","href":"https:\/\/api.w.org\/{rel}","templated":true}]}}