{"id":2109,"date":"2019-02-02T18:33:30","date_gmt":"2019-02-02T16:33:30","guid":{"rendered":"http:\/\/nouveau.baronnat.fr\/?page_id=2109"},"modified":"2019-09-27T11:58:33","modified_gmt":"2019-09-27T09:58:33","slug":"our-company-copy-2-copy-copy","status":"publish","type":"page","link":"http:\/\/nouveau.baronnat.fr\/?page_id=2109&lang=en","title":{"rendered":"our range  of wines"},"content":{"rendered":"\t\t<div data-elementor-type=\"wp-post\" data-elementor-id=\"2109\" class=\"elementor elementor-2109\" data-elementor-settings=\"[]\">\n\t\t\t\t\t\t<div class=\"elementor-inner\">\n\t\t\t\t\t\t\t<div class=\"elementor-section-wrap\">\n\t\t\t\t\t\t\t<section class=\"elementor-section elementor-top-section elementor-element elementor-element-lxeoqkx elementor-section-boxed elementor-section-height-default elementor-section-height-default\" data-id=\"lxeoqkx\" data-element_type=\"section\">\n\t\t\t\t\t\t<div class=\"elementor-container elementor-column-gap-default\">\n\t\t\t\t\t\t\t<div class=\"elementor-row\">\n\t\t\t\t\t<div class=\"elementor-column elementor-col-100 elementor-top-column elementor-element elementor-element-x67xree\" data-id=\"x67xree\" data-element_type=\"column\">\n\t\t\t<div class=\"elementor-column-wrap elementor-element-populated\">\n\t\t\t\t\t\t\t<div class=\"elementor-widget-wrap\">\n\t\t\t\t\t\t<div class=\"elementor-element elementor-element-9a7nwtl elementor-arrows-position-inside elementor-pagination-position-outside elementor-widget elementor-widget-image-carousel\" data-id=\"9a7nwtl\" data-element_type=\"widget\" data-settings=\"{&quot;navigation&quot;:&quot;both&quot;,&quot;autoplay&quot;:&quot;yes&quot;,&quot;pause_on_hover&quot;:&quot;yes&quot;,&quot;pause_on_interaction&quot;:&quot;yes&quot;,&quot;autoplay_speed&quot;:5000,&quot;infinite&quot;:&quot;yes&quot;,&quot;speed&quot;:500}\" data-widget_type=\"image-carousel.default\">\n\t\t\t\t<div class=\"elementor-widget-container\">\n\t\t\t\t\t<div class=\"elementor-image-carousel-wrapper swiper-container\" dir=\"ltr\">\n\t\t\t<div class=\"elementor-image-carousel swiper-wrapper\">\n\t\t\t\t\t\t\t\t<div class=\"swiper-slide\"><figure class=\"swiper-slide-inner\"><img class=\"swiper-slide-image\" src=\"http:\/\/nouveau.baronnat.fr\/wp-content\/uploads\/elementor\/thumbs\/CHARDONNAY_IGP-nmseribi9w0f48rs28dzioklxxg1f2b4zhdyjfm9qk.jpg\" alt=\"etiquette chardonnay\" \/><\/figure><\/div><div class=\"swiper-slide\"><figure class=\"swiper-slide-inner\"><img class=\"swiper-slide-image\" src=\"http:\/\/nouveau.baronnat.fr\/wp-content\/uploads\/elementor\/thumbs\/etiq-macon-aze-1-1-nmsercoh4vsp6kzyz5y83pzudm7u4voqyph1nrumrw.jpg\" alt=\"etiquette Macon Aze\" \/><\/figure><\/div><div class=\"swiper-slide\"><figure class=\"swiper-slide-inner\"><img class=\"swiper-slide-image\" src=\"http:\/\/nouveau.baronnat.fr\/wp-content\/uploads\/elementor\/thumbs\/etiq_vire_clesse1-nmsetdzvxyl2c61h31n4i7hspo6gt9rt8scx3ctxak.jpg\" alt=\"etiquette Vir\u00e9 Cless\u00e9\" \/><\/figure><\/div><div class=\"swiper-slide\"><figure class=\"swiper-slide-inner\"><img class=\"swiper-slide-image\" src=\"http:\/\/nouveau.baronnat.fr\/wp-content\/uploads\/elementor\/thumbs\/macon1-nmsewd5hl2nr3pptpbyleggcflib6rl7niq9swf1l8.jpg\" alt=\"\u00e9tiquette macon rouge\" \/><\/figure><\/div><div class=\"swiper-slide\"><figure class=\"swiper-slide-inner\"><img class=\"swiper-slide-image\" src=\"http:\/\/nouveau.baronnat.fr\/wp-content\/uploads\/elementor\/thumbs\/cotes_de_provence_terre_anais-nmseugj9q61tk6hhu0atufrp2gwikv0t233trp8s7g.jpg\" alt=\"etiquette_cotes_provence_\" \/><\/figure><\/div><div class=\"swiper-slide\"><figure class=\"swiper-slide-inner\"><img class=\"swiper-slide-image\" src=\"http:\/\/nouveau.baronnat.fr\/wp-content\/uploads\/elementor\/thumbs\/crozes_hermitage_WEB-nmsey1b5qgy3qrafy1ypu19ug99sve817shcilxuj0.jpg\" alt=\"\u00e9tiquette crozes hermitage\" \/><\/figure><\/div><div class=\"swiper-slide\"><figure class=\"swiper-slide-inner\"><img class=\"swiper-slide-image\" src=\"http:\/\/nouveau.baronnat.fr\/wp-content\/uploads\/elementor\/thumbs\/chenas2-nmsf14844x5xsqtbydwp09a8jq343ogcz1gn59de4s.jpg\" alt=\"\u00e9tiquette Ch\u00e9nas\" \/><\/figure><\/div><div class=\"swiper-slide\"><figure class=\"swiper-slide-inner\"><img class=\"swiper-slide-image\" src=\"http:\/\/nouveau.baronnat.fr\/wp-content\/uploads\/elementor\/thumbs\/julienas2-nmsf0s07o2p7ltb2xqmjlud8tprcbm3ulczbwnvido.jpg\" alt=\"\u00e9tiquette Juli\u00e9nas\" \/><\/figure><\/div><div class=\"swiper-slide\"><figure class=\"swiper-slide-inner\"><img class=\"swiper-slide-image\" src=\"http:\/\/nouveau.baronnat.fr\/wp-content\/uploads\/elementor\/thumbs\/cotes_rhone_vins_baronnat-nmseyfeqkzhekwpynq24dfprd1cb2us09q9mprcxxo.jpg\" alt=\"\u00e9tiquette C\u00f4tes du Rh\u00f4ne\" \/><\/figure><\/div><div class=\"swiper-slide\"><figure class=\"swiper-slide-inner\"><img class=\"swiper-slide-image\" src=\"http:\/\/nouveau.baronnat.fr\/wp-content\/uploads\/elementor\/thumbs\/ce-moulin-a-vent-n3u3irrmontkt22j4qxpau4ydoxhe0yg7zun0xjv7w.jpg\" alt=\"\u00e9tiquette Moulin a vent\" \/><\/figure><\/div><div class=\"swiper-slide\"><figure class=\"swiper-slide-inner\"><img class=\"swiper-slide-image\" src=\"http:\/\/nouveau.baronnat.fr\/wp-content\/uploads\/elementor\/thumbs\/ce-fleurie-nmsf089lojy6u03r503dnhckcmgmtyxhina4tuos0c.jpg\" alt=\"\u00e9tiquette Fleurie\" \/><\/figure><\/div><div class=\"swiper-slide\"><figure class=\"swiper-slide-inner\"><img class=\"swiper-slide-image\" src=\"http:\/\/nouveau.baronnat.fr\/wp-content\/uploads\/elementor\/thumbs\/brouilly1-nmsf54z9deo3goz2h4h8o8r8129n12f0uxxf1verik.jpg\" alt=\"etiquette_brouilly\" \/><\/figure><\/div>\t\t\t<\/div><div class=\"swiper-pagination\"><\/div><div class=\"elementor-swiper-button elementor-swiper-button-prev\">\n\t\t\t\t\t\t<i aria-hidden=\"true\" class=\"eicon-chevron-left\"><\/i>\t\t\t\t\t\t<span class=\"elementor-screen-only\">Pr\u00e9c\u00e9dent<\/span>\n\t\t\t\t\t<\/div><div class=\"elementor-swiper-button elementor-swiper-button-next\">\n\t\t\t\t\t\t<i aria-hidden=\"true\" class=\"eicon-chevron-right\"><\/i>\t\t\t\t\t\t<span class=\"elementor-screen-only\">Suivant<\/span>\n\t\t\t\t\t<\/div>\n\t\t\t\t\t\t\t\t\t<\/div>\n\t\t\t\t<\/div>\n\t\t\t\t<\/div>\n\t\t\t\t\t\t<\/div>\n\t\t\t\t\t<\/div>\n\t\t<\/div>\n\t\t\t\t\t\t\t\t<\/div>\n\t\t\t\t\t<\/div>\n\t\t<\/section>\n\t\t\t\t<section class=\"elementor-section elementor-top-section elementor-element elementor-element-urmkkwv elementor-section-boxed elementor-section-height-default elementor-section-height-default\" data-id=\"urmkkwv\" data-element_type=\"section\">\n\t\t\t\t\t\t<div class=\"elementor-container elementor-column-gap-default\">\n\t\t\t\t\t\t\t<div class=\"elementor-row\">\n\t\t\t\t\t<div class=\"elementor-column elementor-col-33 elementor-top-column elementor-element elementor-element-rgk5dn8\" data-id=\"rgk5dn8\" data-element_type=\"column\">\n\t\t\t<div class=\"elementor-column-wrap elementor-element-populated\">\n\t\t\t\t\t\t\t<div class=\"elementor-widget-wrap\">\n\t\t\t\t\t\t<div class=\"elementor-element elementor-element-q1ljdyy elementor-widget elementor-widget-text-editor\" data-id=\"q1ljdyy\" data-element_type=\"widget\" data-widget_type=\"text-editor.default\">\n\t\t\t\t<div class=\"elementor-widget-container\">\n\t\t\t\t\t\t\t\t<div class=\"elementor-text-editor elementor-clearfix\">\n\t\t\t\t<h3><strong><span style=\"color: #999999;\">\u00a0Our wines from Mediterrenean coast &#8211; I.G.P. &#8211;<\/span><\/strong><\/h3><h5><a href=\"http:\/\/nouveau.baronnat.fr\/?page_id=767&amp;lang=en\">Les Or\u00e9ades\u00a0red,<\/a><br \/><a href=\"http:\/\/nouveau.baronnat.fr\/?page_id=789&amp;lang=en\">Les Or\u00e9ades white,<\/a><br \/><a href=\"http:\/\/nouveau.baronnat.fr\/?page_id=813&amp;lang=en\">Les Or\u00e9ades rose,<\/a><br \/><a href=\"http:\/\/nouveau.baronnat.fr\/?page_id=1196&amp;lang=en\">Syrah red,<\/a><br \/><a href=\"http:\/\/nouveau.baronnat.fr\/?page_id=1971&amp;lang=en\">Pinot noir red,<\/a><br \/><a href=\"http:\/\/nouveau.baronnat.fr\/?page_id=1308&amp;lang=en\">Chardonnay white,<\/a><br \/><a href=\"http:\/\/nouveau.baronnat.fr\/?page_id=713&amp;lang=en\">Sauvignon white,<\/a><br \/><a href=\"http:\/\/nouveau.baronnat.fr\/?page_id=1330&amp;lang=en\">Viognier white.<\/a><br \/><a href=\"http:\/\/nouveau.baronnat.fr\/?page_id=2232&amp;lang=en\">Terres d&rsquo;Ana\u00efs Mediterran\u00e9e rose<\/a><\/h5><h3><strong><span style=\"color: #999999;\">All Beaujolais wines<\/span><\/strong><\/h3><h5><a href=\"http:\/\/nouveau.baronnat.fr\/?page_id=677&amp;lang=en\">Beaujolais red,<\/a><br \/><a href=\"http:\/\/nouveau.baronnat.fr\/?page_id=661&amp;lang=en\">Beaujolais white<\/a>,<br \/><a href=\"http:\/\/nouveau.baronnat.fr\/?page_id=1158&amp;lang=en\">Beaujolais rose,<\/a><br \/><a href=\"http:\/\/nouveau.baronnat.fr\/?page_id=689&amp;lang=en\">Beaujolais-Villages \u201d Le bois de la fee \u201c red,<\/a><br \/><a href=\"http:\/\/nouveau.baronnat.fr\/?page_id=707&amp;lang=en\">Brouilly red,<\/a><br \/><a href=\"http:\/\/nouveau.baronnat.fr\/?page_id=744&amp;lang=en\">C\u00f4te de Brouilly red,<\/a><br \/><a href=\"http:\/\/nouveau.baronnat.fr\/?page_id=837&amp;lang=en\">Regnie red,<\/a><br \/><a href=\"http:\/\/nouveau.baronnat.fr\/?page_id=721&amp;lang=en\">Chiroubles red,<\/a><br \/><a href=\"http:\/\/nouveau.baronnat.fr\/?page_id=794&amp;lang=en\">Morgon red,<\/a><br \/><a href=\"http:\/\/nouveau.baronnat.fr\/?page_id=765&amp;lang=en\">Fleurie red,<\/a><br \/><a href=\"http:\/\/nouveau.baronnat.fr\/?page_id=766&amp;lang=en\">Julienas red,<\/a><br \/><a href=\"http:\/\/nouveau.baronnat.fr\/?page_id=720&amp;lang=en\">Chenas red,<\/a><br \/><a href=\"http:\/\/nouveau.baronnat.fr\/?page_id=836&amp;lang=en\">Moulin a Vent red,<\/a><br \/><a href=\"http:\/\/nouveau.baronnat.fr\/?page_id=838&amp;lang=en\">Saint Amour red.<\/a><\/h5>\t\t\t\t\t<\/div>\n\t\t\t\t\t\t<\/div>\n\t\t\t\t<\/div>\n\t\t\t\t\t\t<\/div>\n\t\t\t\t\t<\/div>\n\t\t<\/div><div class=\"elementor-column elementor-col-33 elementor-top-column elementor-element elementor-element-ilr4wj4\" data-id=\"ilr4wj4\" data-element_type=\"column\">\n\t\t\t<div class=\"elementor-column-wrap elementor-element-populated\">\n\t\t\t\t\t\t\t<div class=\"elementor-widget-wrap\">\n\t\t\t\t\t\t<div class=\"elementor-element elementor-element-ccenlfl elementor-widget elementor-widget-text-editor\" data-id=\"ccenlfl\" data-element_type=\"widget\" data-widget_type=\"text-editor.default\">\n\t\t\t\t<div class=\"elementor-widget-container\">\n\t\t\t\t\t\t\t\t<div class=\"elementor-text-editor elementor-clearfix\">\n\t\t\t\t<p><img loading=\"lazy\" class=\"wp-image-1120  aligncenter\" src=\"http:\/\/nouveau.baronnat.fr\/wp-content\/uploads\/2008\/09\/carte2_dossier_autajon.jpg\" alt=\"carte vignobles\" width=\"279\" height=\"494\" srcset=\"http:\/\/nouveau.baronnat.fr\/wp-content\/uploads\/2008\/09\/carte2_dossier_autajon.jpg 400w, http:\/\/nouveau.baronnat.fr\/wp-content\/uploads\/2008\/09\/carte2_dossier_autajon-169x300.jpg 169w\" sizes=\"(max-width: 279px) 100vw, 279px\" \/><\/p><p>\u00a0<\/p><p>\u00a0<\/p>\t\t\t\t\t<\/div>\n\t\t\t\t\t\t<\/div>\n\t\t\t\t<\/div>\n\t\t\t\t\t\t<\/div>\n\t\t\t\t\t<\/div>\n\t\t<\/div><div class=\"elementor-column elementor-col-33 elementor-top-column elementor-element elementor-element-08d7zbc\" data-id=\"08d7zbc\" data-element_type=\"column\">\n\t\t\t<div class=\"elementor-column-wrap elementor-element-populated\">\n\t\t\t\t\t\t\t<div class=\"elementor-widget-wrap\">\n\t\t\t\t\t\t<div class=\"elementor-element elementor-element-7e1s92o elementor-widget elementor-widget-text-editor\" data-id=\"7e1s92o\" data-element_type=\"widget\" data-widget_type=\"text-editor.default\">\n\t\t\t\t<div class=\"elementor-widget-container\">\n\t\t\t\t\t\t\t\t<div class=\"elementor-text-editor elementor-clearfix\">\n\t\t\t\t<h3>\u00a0<strong><span style=\"color: #999999;\">South of Burgundy<\/span><\/strong><\/h3><h5><a href=\"http:\/\/nouveau.baronnat.fr\/?page_id=702&amp;lang=en\">Bourgogne pinot noir red,<\/a><br \/><a href=\"http:\/\/nouveau.baronnat.fr\/?page_id=1317&amp;lang=en\">Bourgogne chardonnay white,<\/a><br \/><a href=\"http:\/\/nouveau.baronnat.fr\/?page_id=698&amp;lang=en\">Bourgogne aligote white<\/a>,<br \/><a href=\"http:\/\/nouveau.baronnat.fr\/?page_id=894&amp;lang=en\">Vire clesse white,<\/a><br \/><a href=\"http:\/\/nouveau.baronnat.fr\/?page_id=840&amp;lang=en\">Saint veran white,<\/a><br \/><a href=\"http:\/\/nouveau.baronnat.fr\/?page_id=791&amp;lang=en\">Macon red,<\/a><br \/><a href=\"http:\/\/nouveau.baronnat.fr\/?page_id=1166&amp;lang=en\">M\u00e2con Aze white,<\/a><br \/><a href=\"http:\/\/nouveau.baronnat.fr\/?page_id=793&amp;lang=en\">M\u00e2con-Villages white.<\/a><\/h5><h3><strong><span style=\"color: #999999;\">Rhone valley<\/span><\/strong><\/h3><h5><a href=\"http:\/\/nouveau.baronnat.fr\/?page_id=752&amp;lang=en\">Coteaux du Lyonnais red,<\/a><br \/><a href=\"http:\/\/nouveau.baronnat.fr\/?page_id=1134&amp;lang=en\">Coteaux du Lyonnais white,<\/a><br \/><a href=\"http:\/\/nouveau.baronnat.fr\/?page_id=1153&amp;lang=en\">Coteaux du Lyonnais rose,<\/a><br \/><a href=\"http:\/\/nouveau.baronnat.fr\/?page_id=764&amp;lang=en\">Crozes-Hermitage \u201d Les engoulevents \u201c red,<\/a><br \/><a href=\"http:\/\/nouveau.baronnat.fr\/?page_id=839&amp;lang=en\">Saint Joseph \u201d Les engoulevents \u201c red,<\/a><br \/><a href=\"http:\/\/nouveau.baronnat.fr\/?page_id=758&amp;lang=en\">Cotes du Rhone red,<\/a><br \/><a href=\"http:\/\/nouveau.baronnat.fr\/?page_id=759&amp;lang=en\">\u00a0Ventoux red,<\/a><br \/><a href=\"http:\/\/nouveau.baronnat.fr\/?page_id=730&amp;lang=en\">Costi\u00e8res de Nimes red.<\/a><\/h5><h3><strong><span style=\"color: #999999;\">In the south&#8230;<\/span><\/strong><\/h3><h5><a href=\"http:\/\/nouveau.baronnat.fr\/?page_id=751&amp;lang=en\">Cotes de Provence \u201d Terre d\u2019Anais \u201c rose,<\/a><br \/><a href=\"http:\/\/nouveau.baronnat.fr\/?page_id=747&amp;lang=en\">Coteaux d\u2019Aix en Provence \u201d Terre d\u2019Anais \u201c red.<\/a><\/h5>\t\t\t\t\t<\/div>\n\t\t\t\t\t\t<\/div>\n\t\t\t\t<\/div>\n\t\t\t\t\t\t<\/div>\n\t\t\t\t\t<\/div>\n\t\t<\/div>\n\t\t\t\t\t\t\t\t<\/div>\n\t\t\t\t\t<\/div>\n\t\t<\/section>\n\t\t\t\t<section class=\"elementor-section elementor-top-section elementor-element elementor-element-vl9gok5 elementor-section-boxed elementor-section-height-default elementor-section-height-default\" data-id=\"vl9gok5\" data-element_type=\"section\">\n\t\t\t\t\t\t<div class=\"elementor-container elementor-column-gap-default\">\n\t\t\t\t\t\t\t<div class=\"elementor-row\">\n\t\t\t\t\t<div class=\"elementor-column elementor-col-25 elementor-top-column elementor-element elementor-element-8p5zfj9\" data-id=\"8p5zfj9\" data-element_type=\"column\">\n\t\t\t<div class=\"elementor-column-wrap\">\n\t\t\t\t\t\t\t<div class=\"elementor-widget-wrap\">\n\t\t\t\t\t\t\t\t<\/div>\n\t\t\t\t\t<\/div>\n\t\t<\/div><div class=\"elementor-column elementor-col-50 elementor-top-column elementor-element elementor-element-wbci4td\" data-id=\"wbci4td\" data-element_type=\"column\">\n\t\t\t<div class=\"elementor-column-wrap elementor-element-populated\">\n\t\t\t\t\t\t\t<div class=\"elementor-widget-wrap\">\n\t\t\t\t\t\t<div class=\"elementor-element elementor-element-3r29gnp elementor-widget elementor-widget-text-editor\" data-id=\"3r29gnp\" data-element_type=\"widget\" data-widget_type=\"text-editor.default\">\n\t\t\t\t<div class=\"elementor-widget-container\">\n\t\t\t\t\t\t\t\t<div class=\"elementor-text-editor elementor-clearfix\">\n\t\t\t\t<p><a href=\"http:\/\/nouveau.baronnat.fr\/?page_id=639&amp;lang=en\"><strong>Baron de Baronnat<\/strong><\/a><br \/>This\u00a0 sparkling wine is elaborated with traditional method and with only white grapes.<a href=\"http:\/\/nouveau.baronnat.fr\/fr\/baron-de-baronnat-methode-traditionnelle\/\" target=\"_blank\" rel=\"noopener\"><img loading=\"lazy\" class=\"wp-image-163 aligncenter\" src=\"http:\/\/nouveau.baronnat.fr\/wp-content\/uploads\/2015\/02\/nvlle-etiq-baron.jpg\" alt=\"\" width=\"226\" height=\"149\" srcset=\"http:\/\/nouveau.baronnat.fr\/wp-content\/uploads\/2015\/02\/nvlle-etiq-baron.jpg 704w, http:\/\/nouveau.baronnat.fr\/wp-content\/uploads\/2015\/02\/nvlle-etiq-baron-300x198.jpg 300w, http:\/\/nouveau.baronnat.fr\/wp-content\/uploads\/2015\/02\/nvlle-etiq-baron-455x300.jpg 455w\" sizes=\"(max-width: 226px) 100vw, 226px\" \/><\/a>sparkling wine\u00a0<\/p>\t\t\t\t\t<\/div>\n\t\t\t\t\t\t<\/div>\n\t\t\t\t<\/div>\n\t\t\t\t\t\t<\/div>\n\t\t\t\t\t<\/div>\n\t\t<\/div><div class=\"elementor-column elementor-col-25 elementor-top-column elementor-element elementor-element-biwar3i\" data-id=\"biwar3i\" data-element_type=\"column\">\n\t\t\t<div class=\"elementor-column-wrap\">\n\t\t\t\t\t\t\t<div class=\"elementor-widget-wrap\">\n\t\t\t\t\t\t\t\t<\/div>\n\t\t\t\t\t<\/div>\n\t\t<\/div>\n\t\t\t\t\t\t\t\t<\/div>\n\t\t\t\t\t<\/div>\n\t\t<\/section>\n\t\t\t\t\t\t<\/div>\n\t\t\t\t\t\t<\/div>\n\t\t\t\t\t<\/div>\n\t\t","protected":false},"excerpt":{"rendered":"<p>Previous Next \u00a0Our wines from Mediterrenean coast &#8211; I.G.P. &#8211; Les Or\u00e9ades\u00a0red,Les Or\u00e9ades white,Les Or\u00e9ades rose,Syrah red,Pinot noir red,Chardonnay white,Sauvignon white,Viognier white.Terres d&rsquo;Ana\u00efs Mediterran\u00e9e rose All Beaujolais wines Beaujolais red,Beaujolais white,Beaujolais rose,Beaujolais-Villages \u201d Le bois de la fee \u201c red,Brouilly red,C\u00f4te de Brouilly red,Regnie red,Chiroubles red,Morgon red,Fleurie red,Julienas red,Chenas red,Moulin a Vent red,Saint Amour red&#8230;. <\/p>\n<div class=\"read-more navbutton\"><a href=\"http:\/\/nouveau.baronnat.fr\/?page_id=2109&#038;lang=en\">Lire la suite<i class=\"fa fa-angle-double-right\"><\/i><\/a><\/div>\n","protected":false},"author":1,"featured_media":0,"parent":0,"menu_order":0,"comment_status":"closed","ping_status":"closed","template":"","meta":[],"_links":{"self":[{"href":"http:\/\/nouveau.baronnat.fr\/index.php?rest_route=\/wp\/v2\/pages\/2109"}],"collection":[{"href":"http:\/\/nouveau.baronnat.fr\/index.php?rest_route=\/wp\/v2\/pages"}],"about":[{"href":"http:\/\/nouveau.baronnat.fr\/index.php?rest_route=\/wp\/v2\/types\/page"}],"author":[{"embeddable":true,"href":"http:\/\/nouveau.baronnat.fr\/index.php?rest_route=\/wp\/v2\/users\/1"}],"replies":[{"embeddable":true,"href":"http:\/\/nouveau.baronnat.fr\/index.php?rest_route=%2Fwp%2Fv2%2Fcomments&post=2109"}],"version-history":[{"count":3,"href":"http:\/\/nouveau.baronnat.fr\/index.php?rest_route=\/wp\/v2\/pages\/2109\/revisions"}],"predecessor-version":[{"id":2237,"href":"http:\/\/nouveau.baronnat.fr\/index.php?rest_route=\/wp\/v2\/pages\/2109\/revisions\/2237"}],"wp:attachment":[{"href":"http:\/\/nouveau.baronnat.fr\/index.php?rest_route=%2Fwp%2Fv2%2Fmedia&parent=2109"}],"curies":[{"name":"wp","href":"https:\/\/api.w.org\/{rel}","templated":true}]}}