{"id":2232,"date":"2019-09-27T11:48:42","date_gmt":"2019-09-27T09:48:42","guid":{"rendered":"http:\/\/nouveau.baronnat.fr\/?page_id=2232"},"modified":"2019-09-27T11:52:35","modified_gmt":"2019-09-27T09:52:35","slug":"terre-danais-mediterranee-rose-copy","status":"publish","type":"page","link":"http:\/\/nouveau.baronnat.fr\/?page_id=2232&lang=en","title":{"rendered":"Terre d&rsquo;Anais &#8211; M\u00e9diterran\u00e9e rose &#8211;"},"content":{"rendered":"\t\t<div data-elementor-type=\"wp-post\" data-elementor-id=\"2232\" class=\"elementor elementor-2232\" data-elementor-settings=\"[]\">\n\t\t\t\t\t\t<div class=\"elementor-inner\">\n\t\t\t\t\t\t\t<div class=\"elementor-section-wrap\">\n\t\t\t\t\t\t\t<section class=\"elementor-section elementor-top-section elementor-element elementor-element-bdwxzjx elementor-section-boxed elementor-section-height-default elementor-section-height-default\" data-id=\"bdwxzjx\" data-element_type=\"section\">\n\t\t\t\t\t\t<div class=\"elementor-container elementor-column-gap-default\">\n\t\t\t\t\t\t\t<div class=\"elementor-row\">\n\t\t\t\t\t<div class=\"elementor-column elementor-col-50 elementor-top-column elementor-element elementor-element-wbbatvb\" data-id=\"wbbatvb\" data-element_type=\"column\">\n\t\t\t<div class=\"elementor-column-wrap elementor-element-populated\">\n\t\t\t\t\t\t\t<div class=\"elementor-widget-wrap\">\n\t\t\t\t\t\t<div class=\"elementor-element elementor-element-owvpwns elementor-widget elementor-widget-text-editor\" data-id=\"owvpwns\" data-element_type=\"widget\" data-widget_type=\"text-editor.default\">\n\t\t\t\t<div class=\"elementor-widget-container\">\n\t\t\t\t\t\t\t\t<div class=\"elementor-text-editor elementor-clearfix\">\n\t\t\t\t<p><img loading=\"lazy\" class=\"alignright wp-image-2169 size-medium\" src=\"http:\/\/nouveau.baronnat.fr\/wp-content\/uploads\/2019\/02\/photo-blle-m\u00e9diterran\u00e9e-ros\u00e9-bis-e1550058030869-115x300.jpg\" alt=\"\" width=\"115\" height=\"300\" srcset=\"http:\/\/nouveau.baronnat.fr\/wp-content\/uploads\/2019\/02\/photo-blle-m\u00e9diterran\u00e9e-ros\u00e9-bis-e1550058030869-115x300.jpg 115w, http:\/\/nouveau.baronnat.fr\/wp-content\/uploads\/2019\/02\/photo-blle-m\u00e9diterran\u00e9e-ros\u00e9-bis-e1550058030869-768x2009.jpg 768w, http:\/\/nouveau.baronnat.fr\/wp-content\/uploads\/2019\/02\/photo-blle-m\u00e9diterran\u00e9e-ros\u00e9-bis-e1550058030869-392x1024.jpg 392w, http:\/\/nouveau.baronnat.fr\/wp-content\/uploads\/2019\/02\/photo-blle-m\u00e9diterran\u00e9e-ros\u00e9-bis-e1550058030869.jpg 780w\" sizes=\"(max-width: 115px) 100vw, 115px\" \/><\/p><p>TASTING<\/p><p>Bright dress, pale pink.<\/p><p>the nose is delicate with currant and raspberry notes.<\/p><p>Fine and intense, it presents a harmonious structure and a beautiful liveliness. in mouth.<\/p>\t\t\t\t\t<\/div>\n\t\t\t\t\t\t<\/div>\n\t\t\t\t<\/div>\n\t\t\t\t\t\t<\/div>\n\t\t\t\t\t<\/div>\n\t\t<\/div><div class=\"elementor-column elementor-col-50 elementor-top-column elementor-element elementor-element-xavagzq\" data-id=\"xavagzq\" data-element_type=\"column\">\n\t\t\t<div class=\"elementor-column-wrap elementor-element-populated\">\n\t\t\t\t\t\t\t<div class=\"elementor-widget-wrap\">\n\t\t\t\t\t\t<div class=\"elementor-element elementor-element-jlptybf elementor-widget elementor-widget-text-editor\" data-id=\"jlptybf\" data-element_type=\"widget\" data-widget_type=\"text-editor.default\">\n\t\t\t\t<div class=\"elementor-widget-container\">\n\t\t\t\t\t\t\t\t<div class=\"elementor-text-editor elementor-clearfix\">\n\t\t\t\t<p><img loading=\"lazy\" class=\"alignright wp-image-2172 size-medium\" src=\"http:\/\/nouveau.baronnat.fr\/wp-content\/uploads\/2019\/02\/etiq-m\u00e9diterran\u00e9e-ros\u00e9-300x214.jpg\" alt=\"\" width=\"300\" height=\"214\" srcset=\"http:\/\/nouveau.baronnat.fr\/wp-content\/uploads\/2019\/02\/etiq-m\u00e9diterran\u00e9e-ros\u00e9-300x214.jpg 300w, http:\/\/nouveau.baronnat.fr\/wp-content\/uploads\/2019\/02\/etiq-m\u00e9diterran\u00e9e-ros\u00e9-768x548.jpg 768w, http:\/\/nouveau.baronnat.fr\/wp-content\/uploads\/2019\/02\/etiq-m\u00e9diterran\u00e9e-ros\u00e9-1024x731.jpg 1024w, http:\/\/nouveau.baronnat.fr\/wp-content\/uploads\/2019\/02\/etiq-m\u00e9diterran\u00e9e-ros\u00e9.jpg 1203w\" sizes=\"(max-width: 300px) 100vw, 300px\" \/><\/p><p>TECHNICAL<\/p><p>Situation: the production air is located around the Mediterranean from the French Riviera to the southern part of the Rhone Valley.<\/p><p>Grapes: cinsault &#8211; grenache.<\/p><p>Vinification: bleeding with temperature control.<\/p><p>Maturing: in vats then in bottles.<\/p>\t\t\t\t\t<\/div>\n\t\t\t\t\t\t<\/div>\n\t\t\t\t<\/div>\n\t\t\t\t\t\t<\/div>\n\t\t\t\t\t<\/div>\n\t\t<\/div>\n\t\t\t\t\t\t\t\t<\/div>\n\t\t\t\t\t<\/div>\n\t\t<\/section>\n\t\t\t\t<section class=\"elementor-section elementor-top-section elementor-element elementor-element-vwmlrro elementor-section-boxed elementor-section-height-default elementor-section-height-default\" data-id=\"vwmlrro\" data-element_type=\"section\">\n\t\t\t\t\t\t<div class=\"elementor-container elementor-column-gap-default\">\n\t\t\t\t\t\t\t<div class=\"elementor-row\">\n\t\t\t\t\t<div class=\"elementor-column elementor-col-100 elementor-top-column elementor-element elementor-element-vzxholq\" data-id=\"vzxholq\" data-element_type=\"column\">\n\t\t\t<div class=\"elementor-column-wrap elementor-element-populated\">\n\t\t\t\t\t\t\t<div class=\"elementor-widget-wrap\">\n\t\t\t\t\t\t<div class=\"elementor-element elementor-element-nsnubtg elementor-widget elementor-widget-text-editor\" data-id=\"nsnubtg\" data-element_type=\"widget\" data-widget_type=\"text-editor.default\">\n\t\t\t\t<div class=\"elementor-widget-container\">\n\t\t\t\t\t\t\t\t<div class=\"elementor-text-editor elementor-clearfix\">\n\t\t\t\t<p style=\"text-align: center;\">SERVICE: Service temperature around 8 \u00b0 C. Ideal as an aperitif and accompanies a summer meal.<\/p>\t\t\t\t\t<\/div>\n\t\t\t\t\t\t<\/div>\n\t\t\t\t<\/div>\n\t\t\t\t\t\t<\/div>\n\t\t\t\t\t<\/div>\n\t\t<\/div>\n\t\t\t\t\t\t\t\t<\/div>\n\t\t\t\t\t<\/div>\n\t\t<\/section>\n\t\t\t\t\t\t<\/div>\n\t\t\t\t\t\t<\/div>\n\t\t\t\t\t<\/div>\n\t\t","protected":false},"excerpt":{"rendered":"<p>TASTING Bright dress, pale pink. the nose is delicate with currant and raspberry notes. Fine and intense, it presents a harmonious structure and a beautiful liveliness. in mouth. TECHNICAL Situation: the production air is located around the Mediterranean from the French Riviera to the southern part of the Rhone Valley. Grapes: cinsault &#8211; grenache. Vinification:&#8230; <\/p>\n<div class=\"read-more navbutton\"><a href=\"http:\/\/nouveau.baronnat.fr\/?page_id=2232&#038;lang=en\">Lire la suite<i class=\"fa fa-angle-double-right\"><\/i><\/a><\/div>\n","protected":false},"author":1,"featured_media":0,"parent":0,"menu_order":0,"comment_status":"closed","ping_status":"closed","template":"","meta":[],"_links":{"self":[{"href":"http:\/\/nouveau.baronnat.fr\/index.php?rest_route=\/wp\/v2\/pages\/2232"}],"collection":[{"href":"http:\/\/nouveau.baronnat.fr\/index.php?rest_route=\/wp\/v2\/pages"}],"about":[{"href":"http:\/\/nouveau.baronnat.fr\/index.php?rest_route=\/wp\/v2\/types\/page"}],"author":[{"embeddable":true,"href":"http:\/\/nouveau.baronnat.fr\/index.php?rest_route=\/wp\/v2\/users\/1"}],"replies":[{"embeddable":true,"href":"http:\/\/nouveau.baronnat.fr\/index.php?rest_route=%2Fwp%2Fv2%2Fcomments&post=2232"}],"version-history":[{"count":3,"href":"http:\/\/nouveau.baronnat.fr\/index.php?rest_route=\/wp\/v2\/pages\/2232\/revisions"}],"predecessor-version":[{"id":2235,"href":"http:\/\/nouveau.baronnat.fr\/index.php?rest_route=\/wp\/v2\/pages\/2232\/revisions\/2235"}],"wp:attachment":[{"href":"http:\/\/nouveau.baronnat.fr\/index.php?rest_route=%2Fwp%2Fv2%2Fmedia&parent=2232"}],"curies":[{"name":"wp","href":"https:\/\/api.w.org\/{rel}","templated":true}]}}