{"id":436,"date":"2015-03-14T18:01:22","date_gmt":"2015-03-14T16:01:22","guid":{"rendered":"http:\/\/127.0.0.1:4001\/wordpress\/?page_id=436"},"modified":"2017-03-08T18:13:51","modified_gmt":"2017-03-08T16:13:51","slug":"beaujolais-rose-jean-baronnat","status":"publish","type":"page","link":"http:\/\/nouveau.baronnat.fr\/?page_id=436","title":{"rendered":"Beaujolais ros\u00e9"},"content":{"rendered":"\t\t<div data-elementor-type=\"wp-page\" data-elementor-id=\"436\" class=\"elementor elementor-436 elementor-bc-flex-widget\" data-elementor-settings=\"[]\">\n\t\t\t\t\t\t<div class=\"elementor-inner\">\n\t\t\t\t\t\t\t<div class=\"elementor-section-wrap\">\n\t\t\t\t\t\t\t<section class=\"elementor-section elementor-top-section elementor-element elementor-element-jdmxney elementor-section-boxed elementor-section-height-default elementor-section-height-default\" data-id=\"jdmxney\" data-element_type=\"section\">\n\t\t\t\t\t\t<div class=\"elementor-container elementor-column-gap-default\">\n\t\t\t\t\t\t\t<div class=\"elementor-row\">\n\t\t\t\t\t<div class=\"elementor-column elementor-col-50 elementor-top-column elementor-element elementor-element-rsaeggt\" data-id=\"rsaeggt\" data-element_type=\"column\">\n\t\t\t<div class=\"elementor-column-wrap elementor-element-populated\">\n\t\t\t\t\t\t\t<div class=\"elementor-widget-wrap\">\n\t\t\t\t\t\t<div class=\"elementor-element elementor-element-rpkoexy elementor-widget elementor-widget-text-editor\" data-id=\"rpkoexy\" data-element_type=\"widget\" data-widget_type=\"text-editor.default\">\n\t\t\t\t<div class=\"elementor-widget-container\">\n\t\t\t\t\t\t\t\t<div class=\"elementor-text-editor elementor-clearfix\">\n\t\t\t\t<p><img loading=\"lazy\" class=\"size-medium wp-image-437 aligncenter\" src=\"http:\/\/nouveau.baronnat.fr\/wp-content\/uploads\/2015\/03\/beaujolais_rose-75x300.jpg\" alt=\"photo_beaujolais_rose\" width=\"75\" height=\"300\" srcset=\"http:\/\/nouveau.baronnat.fr\/wp-content\/uploads\/2015\/03\/beaujolais_rose-75x300.jpg 75w, http:\/\/nouveau.baronnat.fr\/wp-content\/uploads\/2015\/03\/beaujolais_rose-256x1024.jpg 256w, http:\/\/nouveau.baronnat.fr\/wp-content\/uploads\/2015\/03\/beaujolais_rose.jpg 259w\" sizes=\"(max-width: 75px) 100vw, 75px\" \/><\/p><p style=\"text-align: center;\">DEGUSTATION<\/p><p style=\"text-align: center;\">Robe d&rsquo;un beau ros\u00e9 franc et limpide. Nez aromatique \u00e0 dominante de fruits exotiques et fruits acidul\u00e9s.En bouche de la vivacit\u00e9, de la souplesse et beaucoup de parfums.Un bon \u00e9quilibre entre intensit\u00e9 aromatique et fra\u00eecheur.<\/p><p>\u00a0<\/p>\t\t\t\t\t<\/div>\n\t\t\t\t\t\t<\/div>\n\t\t\t\t<\/div>\n\t\t\t\t\t\t<\/div>\n\t\t\t\t\t<\/div>\n\t\t<\/div><div class=\"elementor-column elementor-col-50 elementor-top-column elementor-element elementor-element-jsygash\" data-id=\"jsygash\" data-element_type=\"column\">\n\t\t\t<div class=\"elementor-column-wrap elementor-element-populated\">\n\t\t\t\t\t\t\t<div class=\"elementor-widget-wrap\">\n\t\t\t\t\t\t<div class=\"elementor-element elementor-element-lebxxcj elementor-widget elementor-widget-text-editor\" data-id=\"lebxxcj\" data-element_type=\"widget\" data-widget_type=\"text-editor.default\">\n\t\t\t\t<div class=\"elementor-widget-container\">\n\t\t\t\t\t\t\t\t<div class=\"elementor-text-editor elementor-clearfix\">\n\t\t\t\t<p>\u00a0<\/p><p><img loading=\"lazy\" class=\"aligncenter wp-image-433 size-medium\" src=\"http:\/\/nouveau.baronnat.fr\/wp-content\/uploads\/2015\/03\/beaujolais_rouge_rose-300x203.jpg\" alt=\"etiquette_beaujolais\" width=\"300\" height=\"203\" srcset=\"http:\/\/nouveau.baronnat.fr\/wp-content\/uploads\/2015\/03\/beaujolais_rouge_rose-300x203.jpg 300w, http:\/\/nouveau.baronnat.fr\/wp-content\/uploads\/2015\/03\/beaujolais_rouge_rose.jpg 671w\" sizes=\"(max-width: 300px) 100vw, 300px\" \/><\/p><p>\u00a0<\/p><p>TECHNIQUE<\/p><p>Situation : le vignoble est situ\u00e9 dans le d\u00e9partement du Rh\u00f4ne au sud de l&rsquo;aire d&rsquo;appellation du Beaujolais, au nord de Lyon.<br \/> Terroir : la vigne est cultiv\u00e9e sur des sols granitiques.<br \/> C\u00e9page unique : Gamay noir \u00e0 jus blanc.<br \/> Vinification : par saign\u00e9e avec contr\u00f4le des temp\u00e9ratures.<br \/> Elevage : en cuve puis en bouteilles.<\/p>\t\t\t\t\t<\/div>\n\t\t\t\t\t\t<\/div>\n\t\t\t\t<\/div>\n\t\t\t\t\t\t<\/div>\n\t\t\t\t\t<\/div>\n\t\t<\/div>\n\t\t\t\t\t\t\t\t<\/div>\n\t\t\t\t\t<\/div>\n\t\t<\/section>\n\t\t\t\t<section class=\"elementor-section elementor-top-section elementor-element elementor-element-lxrfeyc elementor-section-boxed elementor-section-height-default elementor-section-height-default\" data-id=\"lxrfeyc\" data-element_type=\"section\">\n\t\t\t\t\t\t<div class=\"elementor-container elementor-column-gap-default\">\n\t\t\t\t\t\t\t<div class=\"elementor-row\">\n\t\t\t\t\t<div class=\"elementor-column elementor-col-100 elementor-top-column elementor-element elementor-element-smvtwzd\" data-id=\"smvtwzd\" data-element_type=\"column\">\n\t\t\t<div class=\"elementor-column-wrap elementor-element-populated\">\n\t\t\t\t\t\t\t<div class=\"elementor-widget-wrap\">\n\t\t\t\t\t\t<div class=\"elementor-element elementor-element-ugowqpr elementor-widget elementor-widget-text-editor\" data-id=\"ugowqpr\" data-element_type=\"widget\" data-widget_type=\"text-editor.default\">\n\t\t\t\t<div class=\"elementor-widget-container\">\n\t\t\t\t\t\t\t\t<div class=\"elementor-text-editor elementor-clearfix\">\n\t\t\t\t<p>SERVICE :\u00a0Temp\u00e9rature de service aux environs de 8\u00b0C. Id\u00e9al sur les charcuteries, entr\u00e9es, grillades.<\/p>\t\t\t\t\t<\/div>\n\t\t\t\t\t\t<\/div>\n\t\t\t\t<\/div>\n\t\t\t\t\t\t<\/div>\n\t\t\t\t\t<\/div>\n\t\t<\/div>\n\t\t\t\t\t\t\t\t<\/div>\n\t\t\t\t\t<\/div>\n\t\t<\/section>\n\t\t\t\t\t\t<\/div>\n\t\t\t\t\t\t<\/div>\n\t\t\t\t\t<\/div>\n\t\t","protected":false},"excerpt":{"rendered":"<p>DEGUSTATION Robe d&rsquo;un beau ros\u00e9 franc et limpide. Nez aromatique \u00e0 dominante de fruits exotiques et fruits acidul\u00e9s.En bouche de la vivacit\u00e9, de la souplesse et beaucoup de parfums.Un bon \u00e9quilibre entre intensit\u00e9 aromatique et fra\u00eecheur. \u00a0 \u00a0 \u00a0 TECHNIQUE Situation : le vignoble est situ\u00e9 dans le d\u00e9partement du Rh\u00f4ne au sud de l&rsquo;aire&#8230; <\/p>\n<div class=\"read-more navbutton\"><a href=\"http:\/\/nouveau.baronnat.fr\/?page_id=436\">Lire la suite<i class=\"fa fa-angle-double-right\"><\/i><\/a><\/div>\n","protected":false},"author":1,"featured_media":0,"parent":0,"menu_order":0,"comment_status":"closed","ping_status":"closed","template":"","meta":[],"_links":{"self":[{"href":"http:\/\/nouveau.baronnat.fr\/index.php?rest_route=\/wp\/v2\/pages\/436"}],"collection":[{"href":"http:\/\/nouveau.baronnat.fr\/index.php?rest_route=\/wp\/v2\/pages"}],"about":[{"href":"http:\/\/nouveau.baronnat.fr\/index.php?rest_route=\/wp\/v2\/types\/page"}],"author":[{"embeddable":true,"href":"http:\/\/nouveau.baronnat.fr\/index.php?rest_route=\/wp\/v2\/users\/1"}],"replies":[{"embeddable":true,"href":"http:\/\/nouveau.baronnat.fr\/index.php?rest_route=%2Fwp%2Fv2%2Fcomments&post=436"}],"version-history":[{"count":0,"href":"http:\/\/nouveau.baronnat.fr\/index.php?rest_route=\/wp\/v2\/pages\/436\/revisions"}],"wp:attachment":[{"href":"http:\/\/nouveau.baronnat.fr\/index.php?rest_route=%2Fwp%2Fv2%2Fmedia&parent=436"}],"curies":[{"name":"wp","href":"https:\/\/api.w.org\/{rel}","templated":true}]}}